{"id":22,"date":"2024-04-18T18:00:35","date_gmt":"2024-04-18T18:00:35","guid":{"rendered":"http:\/\/fdp-perl.info\/?page_id=22"},"modified":"2024-04-29T18:41:43","modified_gmt":"2024-04-29T18:41:43","slug":"ziele","status":"publish","type":"page","link":"https:\/\/fdp-perl.info\/?page_id=22","title":{"rendered":"Ziele"},"content":{"rendered":"\n<figure class=\"wp-block-image aligncenter size-large\"><img loading=\"lazy\" decoding=\"async\" width=\"1024\" height=\"576\" src=\"http:\/\/fdp-perl.info\/wp-content\/uploads\/2024\/04\/pexels-mikhail-nilov-6620426-1024x576.jpg\" alt=\"\" class=\"wp-image-152\" srcset=\"https:\/\/fdp-perl.info\/wp-content\/uploads\/2024\/04\/pexels-mikhail-nilov-6620426-1024x576.jpg 1024w, https:\/\/fdp-perl.info\/wp-content\/uploads\/2024\/04\/pexels-mikhail-nilov-6620426-300x169.jpg 300w, https:\/\/fdp-perl.info\/wp-content\/uploads\/2024\/04\/pexels-mikhail-nilov-6620426-2000x1125.jpg 2000w\" sizes=\"(max-width: 1024px) 100vw, 1024px\" \/><\/figure>\n\n\n\n<p><\/p>\n\n\n\n<p><strong>Pr\u00e4ambel<\/strong><\/p>\n\n\n\n<p><strong>Generell strebt die FDP Perl ein einheitliches, tragf\u00e4higes und soziales Wohn und Lebenskonzept f\u00fcr alle B\u00fcrger in Perl an. Dies erfordert eine fachliche Bestandsanalyse sowie eine daraus resultierende Zukunkftsexpertise.<\/strong><\/p>\n\n\n\n<p><strong>1. Bauen<\/strong><\/p>\n\n\n\n<ol>\n<li><strong>Bezahlbaren Wohnraum in der Gemeinde schaffen<\/strong> <strong>i. Neue Baugebiete ausweisen<br>ii. Nach dem Motto \u201ePerl stockt auf\u201c das Verdichten in der Gemeinde<\/strong> <strong>f\u00f6rdern<br>iii. Den Bau von sozialem Wohnraum in Mehrfamilien H\u00e4usern F\u00f6rdern<\/strong><\/li>\n\n\n\n<li><strong>Sanierungsgebiete erstellen<\/strong>\n<ol>\n<li><strong>Sanierungsgebiet Bahnhof Perl<\/strong> <strong>Der Bahnhof und das Bahnhofsgel\u00e4nde muss touritisch attraktiver<\/strong> <strong>gestaltet somit saniert werden<\/strong><\/li>\n\n\n\n<li><strong>Sanierungsgebiet Nennig Entree zu Remisch<\/strong> <strong>Der Eingang zu Nennig sollte attraktiver gestaltet werden f\u00fcr<\/strong> <strong>Wohnraum und Einzelhandel<\/strong><\/li>\n<\/ol>\n<\/li>\n\n\n\n<li><strong>Aufl\u00f6sung der IEP GmbH<\/strong> <strong>Die Infrastrukturgesellschaft IEP aufl\u00f6sen und ersetzten durch eine<\/strong> <strong>Genossenschaft.<\/strong><\/li>\n\n\n\n<li><strong>Leerstandsbeseitigung durch ein Leerstands Management<\/strong><\/li>\n<\/ol>\n\n\n\n<p><strong>2. Leben<\/strong><\/p>\n\n\n\n<ol>\n<li><strong>Das Leben in Perl soll f\u00fcr B\u00fcrger und B\u00fcrgerinnen aller Nationen interessant<\/strong> <strong>gestaltet sein.<\/strong><\/li>\n\n\n\n<li><strong>Familien st\u00e4rken durch ein Familienmanagment<\/strong><\/li>\n\n\n\n<li><strong>Schaffung eines Gesundheitszentrum (Medizinisches Versorgungsstrukur \/<\/strong> <strong>Gemeindeschwester) mit einer Gensundheitsgenossenschaft<\/strong><\/li>\n\n\n\n<li><strong>St\u00e4rkung des Vereinslebens<\/strong> <strong>Die Vereine in der Gemeinde stellen das R\u00fcckrad des kulturellen Lebens der Gemeinde.<\/strong> <strong>i. Gr\u00fcndung einer Vereinsgemeinschaft<br>ii. Wahl eines Vereinsvertreters aller Vereine welcher bei allen Orts-<\/strong> <strong>und Gemeinderatssitzungen einen Bericht abgibt<br>iii. Die Vereinsgemeinschaft muss bei allen Entscheidungen was das<\/strong> <strong>Vereinswesen betrifft angeh\u00f6rt werden.<\/strong><\/li>\n\n\n\n<li><strong>Versch\u00f6nerung der \u00f6ffentlichen Pl\u00e4tze<\/strong><\/li>\n\n\n\n<li><strong>Ausbau und F\u00f6rderung der Kindertagesst\u00e4tten sowie Kinderg\u00e4rten<\/strong><\/li>\n\n\n\n<li><strong>Ausbau der Kinder- und Jugendarbeit in der Gemeinde ???<\/strong><\/li>\n\n\n\n<li><strong>Ausbau \u201eWiederbelebung\u201c und F\u00f6rderung der Dorfzentren<\/strong><\/li>\n\n\n\n<li><strong>Schaffung eines \u201eTransparenzregisters\u201c, Mitglieder von Orts- und<\/strong> <strong>Gemeinder\u00e4ten m\u00fcssen bei Ausschreibungen Ihre Beteiligung offenlegen.<\/strong><\/li>\n<\/ol>\n\n\n\n<figure class=\"wp-block-image size-full\"><img loading=\"lazy\" decoding=\"async\" width=\"753\" height=\"422\" src=\"http:\/\/fdp-perl.info\/wp-content\/uploads\/2024\/04\/1406-fdpbundbucmwcmykhgelb1-1.png\" alt=\"\" class=\"wp-image-108\" srcset=\"https:\/\/fdp-perl.info\/wp-content\/uploads\/2024\/04\/1406-fdpbundbucmwcmykhgelb1-1.png 753w, https:\/\/fdp-perl.info\/wp-content\/uploads\/2024\/04\/1406-fdpbundbucmwcmykhgelb1-1-300x168.png 300w\" sizes=\"(max-width: 753px) 100vw, 753px\" \/><\/figure>\n\n\n\n<p><strong>3. Tourismus<br>a. Der Tourismus muss weiter ausgebaut werden<\/strong><\/p>\n\n\n\n<ol>\n<li><strong>Ausbau der Infrastruktur<br>1. Aufbau eines Wein-Wanderweges<br>2. F\u00f6rderung der Gastronomie<br>3. Zentrales Buchungssystem f\u00fcr Ferienwohnungen und Zimmer 4. F\u00f6rderung zum Bau von Ferienwohnungen, Hotels, Tiny<\/strong> <strong>H\u00e4usern, etc.<\/strong><\/li>\n\n\n\n<li><strong>Aufbau eines Fahrradverleihs (auch in Tr\u00e4gerschaft)<\/strong><\/li>\n\n\n\n<li><strong>\u00d6ffentliche Ladeeinrichtung f\u00fcr die Elektromobilit\u00e4t schaffen<\/strong><\/li>\n\n\n\n<li><strong>Ladevorrichtungen und Servicestelle f\u00fcr Fahrr\u00e4der<\/strong><\/li>\n<\/ol>\n\n\n\n<p><strong>4. Weinbau<br>Der Weinbau ist der zentrale Faktor in der Gemeinde Perl. Diesen gilt es zu F\u00f6rdern. Alle Entscheidungen der Orts und des Gemeinderates sowie der Verwaltung m\u00fcssen im Einklang mit der Weinbau stehen.<br>Die Winzer und Gastronomen sollen mehr in die Prozesse involviert werden, sodass eine Synergie entstehen kann.<\/strong><\/p>\n\n\n\n<p><strong>5. \u00d6kologie<br>Perl soll sich zu einer \u201e\u00d6kologischen und Nahhaltigen Gemeinde\u201c entwickeln<\/strong><\/p>\n\n\n\n<p><strong>a. F\u00f6rderung lokaler Erzeuger<br>b. Bereitstellung eines \u201eoffenen Marktes\u201c f\u00fcr lokale Erzeuger c. \u00d6kologischer Stromverbrauch und Stromerzeugung<\/strong><\/p>\n\n\n\n<p><strong>i. Nur Naturstromvertr\u00e4ge<br>ii. Ausbau der Photovoltaik Anlagen im \u00f6ffentlichen Bereich<\/strong><\/p>\n\n\n\n<p><strong>iii. Ausbau und Wechsel der Drofbeleuchtung zu LED und intelligenter Brenndauer<\/strong><\/p>\n\n\n\n<p><strong>iv. Ausbau der Ladeinfrastruktur f\u00fcr Elektromobilit\u00e4t v. Umr\u00fcstung der Fahrzeugflotte auf E-Mobilit\u00e4t<\/strong><\/p>\n\n\n\n<p><strong>vi. Bau eines Biogasreaktors zur Stromgewinnung vii. F\u00f6rderung der Wasserstofftechnik<\/strong><\/p>\n\n\n\n<p><strong>d. Die Forstwirtschaft soll \u00f6kologisch und \u00f6konomisch ausgebaut werden<\/strong><\/p>\n\n\n\n<p><strong>6. \u00d6konomie<\/strong><\/p>\n\n\n\n<ol>\n<li><strong>Ausbau des Gewerbegebietes in Besch<\/strong><\/li>\n\n\n\n<li><strong>F\u00f6rderung von Neuansiedlungen<\/strong><\/li>\n\n\n\n<li><strong>F\u00f6rderung von Touristischen Einrichtungen<\/strong><\/li>\n\n\n\n<li><strong>Digitalisierung der Verwaltung<\/strong><\/li>\n\n\n\n<li><strong>Fl\u00e4chendeckende Netzabdeckung<\/strong><\/li>\n\n\n\n<li><strong>Freies W-Lan in der Gemeinde<\/strong><\/li>\n\n\n\n<li><strong>Senkung des Hebesatzes f\u00fcr die K\u00f6rperschaftssteuer sowie die Grundsteuer<\/strong><\/li>\n\n\n\n<li><strong>Die Gemeinde soll selbst als Unternehmer auftreten als Energieproduzent<\/strong> <strong>und Dienstleister<\/strong><\/li>\n\n\n\n<li><strong>In der Verwaltung einen Experten f\u00fcr F\u00f6rdergelder einstellen.<\/strong><\/li>\n<\/ol>\n\n\n\n<p><\/p>\n\n\n\n<p><strong>7. Europa<br>Die Gemeinde Perl liegt in einer exponierten Lage im Herzen Europas. Dieser Lage sollte eine besondere W\u00fcrdigung zu teil werden.<\/strong><\/p>\n\n\n\n<p><strong>a. Grenz\u00fcberschreitende kulturellen Veranstaltungen planen und durchf\u00fchren b. Auf Vereinsebene durch die Vereinsgemeinschaft einen st\u00e4rkeren Bund<\/strong><\/p>\n\n\n\n<p><strong>zwischen den drei Staaten sowie den L\u00e4ndern Saarland und Rheinland-Pfalz<\/strong><\/p>\n\n\n\n<p><strong>herstellen.<br>c. Politische und Verwaltungstechnische Zusammenarbeit auf allen Seiten.<\/strong><\/p>\n","protected":false},"excerpt":{"rendered":"<p>Pr\u00e4ambel Generell strebt die FDP Perl ein einheitliches, tragf\u00e4higes und soziales Wohn und Lebenskonzept f\u00fcr alle B\u00fcrger in Perl an. Dies erfordert eine fachliche Bestandsanalyse sowie eine daraus resultierende Zukunkftsexpertise. 1. Bauen 2. Leben 3. Tourismusa. Der Tourismus muss weiter ausgebaut werden 4. WeinbauDer Weinbau ist der zentrale Faktor in der Gemeinde Perl. Diesen gilt &hellip; <\/p>\n<p class=\"link-more\"><a href=\"https:\/\/fdp-perl.info\/?page_id=22\" class=\"more-link\">Mehr <span class=\"screen-reader-text\">\u00fcber &#8222;Ziele&#8220; <\/span>Lesen<\/a><\/p>\n","protected":false},"author":1,"featured_media":0,"parent":0,"menu_order":0,"comment_status":"closed","ping_status":"closed","template":"","meta":{"footnotes":""},"featured_media_urls":[],"_links":{"self":[{"href":"https:\/\/fdp-perl.info\/index.php?rest_route=\/wp\/v2\/pages\/22"}],"collection":[{"href":"https:\/\/fdp-perl.info\/index.php?rest_route=\/wp\/v2\/pages"}],"about":[{"href":"https:\/\/fdp-perl.info\/index.php?rest_route=\/wp\/v2\/types\/page"}],"author":[{"embeddable":true,"href":"https:\/\/fdp-perl.info\/index.php?rest_route=\/wp\/v2\/users\/1"}],"replies":[{"embeddable":true,"href":"https:\/\/fdp-perl.info\/index.php?rest_route=%2Fwp%2Fv2%2Fcomments&post=22"}],"version-history":[{"count":9,"href":"https:\/\/fdp-perl.info\/index.php?rest_route=\/wp\/v2\/pages\/22\/revisions"}],"predecessor-version":[{"id":174,"href":"https:\/\/fdp-perl.info\/index.php?rest_route=\/wp\/v2\/pages\/22\/revisions\/174"}],"wp:attachment":[{"href":"https:\/\/fdp-perl.info\/index.php?rest_route=%2Fwp%2Fv2%2Fmedia&parent=22"}],"curies":[{"name":"wp","href":"https:\/\/api.w.org\/{rel}","templated":true}]}}

<figure class="wp-block-image aligncenter size-large"><img loading="lazy" decoding="async" width="1024" height="576" src="http://fdp-perl.info/wp-content/uploads/2024/04/pexels-mikhail-nilov-6620426-1024x576.jpg" alt="" class="wp-image-152" srcset="https://fdp-perl.info/wp-content/uploads/2024/04/pexels-mikhail-nilov-6620426-1024x576.jpg 1024w, https://fdp-perl.info/wp-content/uploads/2024/04/pexels-mikhail-nilov-6620426-300x169.jpg 300w, https://fdp-perl.info/wp-content/uploads/2024/04/pexels-mikhail-nilov-6620426-2000x1125.jpg 2000w" sizes="(max-width: 1024px) 100vw, 1024px" /></figure>



<p></p>



<p><strong>Präambel</strong></p>



<p><strong>Generell strebt die FDP Perl ein einheitliches, tragfähiges und soziales Wohn und Lebenskonzept für alle Bürger in Perl an. Dies erfordert eine fachliche Bestandsanalyse sowie eine daraus resultierende Zukunkftsexpertise.</strong></p>



<p><strong>1. Bauen</strong></p>



<ol>
<li><strong>Bezahlbaren Wohnraum in der Gemeinde schaffen</strong> <strong>i. Neue Baugebiete ausweisen<br>ii. Nach dem Motto „Perl stockt auf“ das Verdichten in der Gemeinde</strong> <strong>fördern<br>iii. Den Bau von sozialem Wohnraum in Mehrfamilien Häusern Fördern</strong></li>



<li><strong>Sanierungsgebiete erstellen</strong>
<ol>
<li><strong>Sanierungsgebiet Bahnhof Perl</strong> <strong>Der Bahnhof und das Bahnhofsgelände muss touritisch attraktiver</strong> <strong>gestaltet somit saniert werden</strong></li>



<li><strong>Sanierungsgebiet Nennig Entree zu Remisch</strong> <strong>Der Eingang zu Nennig sollte attraktiver gestaltet werden für</strong> <strong>Wohnraum und Einzelhandel</strong></li>
</ol>
</li>



<li><strong>Auflösung der IEP GmbH</strong> <strong>Die Infrastrukturgesellschaft IEP auflösen und ersetzten durch eine</strong> <strong>Genossenschaft.</strong></li>



<li><strong>Leerstandsbeseitigung durch ein Leerstands Management</strong></li>
</ol>



<p><strong>2. Leben</strong></p>



<ol>
<li><strong>Das Leben in Perl soll für Bürger und Bürgerinnen aller Nationen interessant</strong> <strong>gestaltet sein.</strong></li>



<li><strong>Familien stärken durch ein Familienmanagment</strong></li>



<li><strong>Schaffung eines Gesundheitszentrum (Medizinisches Versorgungsstrukur /</strong> <strong>Gemeindeschwester) mit einer Gensundheitsgenossenschaft</strong></li>



<li><strong>Stärkung des Vereinslebens</strong> <strong>Die Vereine in der Gemeinde stellen das Rückrad des kulturellen Lebens der Gemeinde.</strong> <strong>i. Gründung einer Vereinsgemeinschaft<br>ii. Wahl eines Vereinsvertreters aller Vereine welcher bei allen Orts-</strong> <strong>und Gemeinderatssitzungen einen Bericht abgibt<br>iii. Die Vereinsgemeinschaft muss bei allen Entscheidungen was das</strong> <strong>Vereinswesen betrifft angehört werden.</strong></li>



<li><strong>Verschönerung der öffentlichen Plätze</strong></li>



<li><strong>Ausbau und Förderung der Kindertagesstätten sowie Kindergärten</strong></li>



<li><strong>Ausbau der Kinder- und Jugendarbeit in der Gemeinde ???</strong></li>



<li><strong>Ausbau „Wiederbelebung“ und Förderung der Dorfzentren</strong></li>



<li><strong>Schaffung eines „Transparenzregisters“, Mitglieder von Orts- und</strong> <strong>Gemeinderäten müssen bei Ausschreibungen Ihre Beteiligung offenlegen.</strong></li>
</ol>



<figure class="wp-block-image size-full"><img loading="lazy" decoding="async" width="753" height="422" src="http://fdp-perl.info/wp-content/uploads/2024/04/1406-fdpbundbucmwcmykhgelb1-1.png" alt="" class="wp-image-108" srcset="https://fdp-perl.info/wp-content/uploads/2024/04/1406-fdpbundbucmwcmykhgelb1-1.png 753w, https://fdp-perl.info/wp-content/uploads/2024/04/1406-fdpbundbucmwcmykhgelb1-1-300x168.png 300w" sizes="(max-width: 753px) 100vw, 753px" /></figure>



<p><strong>3. Tourismus<br>a. Der Tourismus muss weiter ausgebaut werden</strong></p>



<ol>
<li><strong>Ausbau der Infrastruktur<br>1. Aufbau eines Wein-Wanderweges<br>2. Förderung der Gastronomie<br>3. Zentrales Buchungssystem für Ferienwohnungen und Zimmer 4. Förderung zum Bau von Ferienwohnungen, Hotels, Tiny</strong> <strong>Häusern, etc.</strong></li>



<li><strong>Aufbau eines Fahrradverleihs (auch in Trägerschaft)</strong></li>



<li><strong>Öffentliche Ladeeinrichtung für die Elektromobilität schaffen</strong></li>



<li><strong>Ladevorrichtungen und Servicestelle für Fahrräder</strong></li>
</ol>



<p><strong>4. Weinbau<br>Der Weinbau ist der zentrale Faktor in der Gemeinde Perl. Diesen gilt es zu Fördern. Alle Entscheidungen der Orts und des Gemeinderates sowie der Verwaltung müssen im Einklang mit der Weinbau stehen.<br>Die Winzer und Gastronomen sollen mehr in die Prozesse involviert werden, sodass eine Synergie entstehen kann.</strong></p>



<p><strong>5. Ökologie<br>Perl soll sich zu einer „Ökologischen und Nahhaltigen Gemeinde“ entwickeln</strong></p>



<p><strong>a. Förderung lokaler Erzeuger<br>b. Bereitstellung eines „offenen Marktes“ für lokale Erzeuger c. Ökologischer Stromverbrauch und Stromerzeugung</strong></p>



<p><strong>i. Nur Naturstromverträge<br>ii. Ausbau der Photovoltaik Anlagen im öffentlichen Bereich</strong></p>



<p><strong>iii. Ausbau und Wechsel der Drofbeleuchtung zu LED und intelligenter Brenndauer</strong></p>



<p><strong>iv. Ausbau der Ladeinfrastruktur für Elektromobilität v. Umrüstung der Fahrzeugflotte auf E-Mobilität</strong></p>



<p><strong>vi. Bau eines Biogasreaktors zur Stromgewinnung vii. Förderung der Wasserstofftechnik</strong></p>



<p><strong>d. Die Forstwirtschaft soll ökologisch und ökonomisch ausgebaut werden</strong></p>



<p><strong>6. Ökonomie</strong></p>



<ol>
<li><strong>Ausbau des Gewerbegebietes in Besch</strong></li>



<li><strong>Förderung von Neuansiedlungen</strong></li>



<li><strong>Förderung von Touristischen Einrichtungen</strong></li>



<li><strong>Digitalisierung der Verwaltung</strong></li>



<li><strong>Flächendeckende Netzabdeckung</strong></li>



<li><strong>Freies W-Lan in der Gemeinde</strong></li>



<li><strong>Senkung des Hebesatzes für die Körperschaftssteuer sowie die Grundsteuer</strong></li>



<li><strong>Die Gemeinde soll selbst als Unternehmer auftreten als Energieproduzent</strong> <strong>und Dienstleister</strong></li>



<li><strong>In der Verwaltung einen Experten für Fördergelder einstellen.</strong></li>
</ol>



<p></p>



<p><strong>7. Europa<br>Die Gemeinde Perl liegt in einer exponierten Lage im Herzen Europas. Dieser Lage sollte eine besondere Würdigung zu teil werden.</strong></p>



<p><strong>a. Grenzüberschreitende kulturellen Veranstaltungen planen und durchführen b. Auf Vereinsebene durch die Vereinsgemeinschaft einen stärkeren Bund</strong></p>



<p><strong>zwischen den drei Staaten sowie den Ländern Saarland und Rheinland-Pfalz</strong></p>



<p><strong>herstellen.<br>c. Politische und Verwaltungstechnische Zusammenarbeit auf allen Seiten.</strong></p>

<p>Präambel Generell strebt die FDP Perl ein einheitliches, tragfähiges und soziales Wohn und Lebenskonzept für alle Bürger in Perl an. Dies erfordert eine fachliche Bestandsanalyse sowie eine daraus resultierende Zukunkftsexpertise. 1. Bauen 2. Leben 3. Tourismusa. Der Tourismus muss weiter ausgebaut werden 4. WeinbauDer Weinbau ist der zentrale Faktor in der Gemeinde Perl. Diesen gilt &hellip; </p>
<p class="link-more"><a href="https://fdp-perl.info/?page_id=22" class="more-link">Mehr <span class="screen-reader-text">über &#8222;Ziele&#8220; </span>Lesen</a></p>
