{"id":24,"date":"2024-04-18T18:00:49","date_gmt":"2024-04-18T18:00:49","guid":{"rendered":"http:\/\/fdp-perl.info\/?page_id=24"},"modified":"2024-05-08T13:28:18","modified_gmt":"2024-05-08T13:28:18","slug":"ueber-uns","status":"publish","type":"page","link":"https:\/\/fdp-perl.info\/?page_id=24","title":{"rendered":"\u00dcber uns"},"content":{"rendered":"\n<figure class=\"wp-block-image aligncenter size-large\"><img loading=\"lazy\" decoding=\"async\" width=\"1024\" height=\"650\" src=\"http:\/\/fdp-perl.info\/wp-content\/uploads\/2024\/05\/bruecke_1.1-1024x650.png\" alt=\"\" class=\"wp-image-186\" srcset=\"https:\/\/fdp-perl.info\/wp-content\/uploads\/2024\/05\/bruecke_1.1-1024x650.png 1024w, https:\/\/fdp-perl.info\/wp-content\/uploads\/2024\/05\/bruecke_1.1-300x190.png 300w, https:\/\/fdp-perl.info\/wp-content\/uploads\/2024\/05\/bruecke_1.1-2000x1269.png 2000w\" sizes=\"(max-width: 1024px) 100vw, 1024px\" \/><\/figure>\n\n\n\n<p><strong>Warum B\u00fcrgermeister?<br><\/strong>\u2026 Michael Brestak<\/p>\n\n\n\n<p><strong>Leidenschaft<\/strong>:<br>F\u00fcr das Wohl in der Gemeinde, mit Engagement das Leben aller Bewohner lebenswerter zu gestalten und zu erhalten.<\/p>\n\n\n\n<p><strong>Ideen &amp; Vision<\/strong>:<br>Der Zusammenhalt muss gest\u00e4rkt werden. Nachhaltigkeit von Entscheidungen sind Schl\u00fcssel f\u00fcr gute Entscheidungen. B\u00fcrgergeld verprassende Projekte ohne Nachhaltigkeit m\u00fcssen gestoppt werden. Lokaler Unternehmen gef\u00f6rdert zur Finanzierung, Teilhabe &amp; Unterst\u00fctzung einer Gemeinde. Es bedarf kreative L\u00f6sungen und einem offenen Ohr f\u00fcr die Bed\u00fcrfnisse. Ich m\u00f6chte dazu meinen Beitrag leisten.<\/p>\n\n\n\n<p><strong>Ver\u00e4nderung<\/strong>:<br>In der Entwicklung der Gemeinde darf es keinen Stillstand mehr geben.&nbsp;<\/p>\n\n\n\n<p><strong>Einbindung der B\u00fcrger<\/strong>: Der B\u00fcrger muss deutlich aktiver in die Entscheidungsprozesse einbezogen werden. Seine Anliegen ernsthaft geh\u00f6rt und abgewogen werden. Falsche Entscheidungen werden damit verhindert.<\/p>\n\n\n\n<p><strong>L\u00f6sung von Problemen<\/strong>: Einsatz, Entschlossenheit &amp; Leidenschaft f\u00fcr Probleme L\u00f6sungen zu finden und diese schnell und aktiv anzugehen.<\/p>\n\n\n\n<p><\/p>\n\n\n\n<p><\/p>\n\n\n\n<div class=\"wp-block-columns is-layout-flex wp-container-core-columns-is-layout-1 wp-block-columns-is-layout-flex\">\n<div class=\"wp-block-column is-layout-flow wp-block-column-is-layout-flow\" style=\"flex-basis:33.33%\">\n<figure class=\"wp-block-image size-large\"><img loading=\"lazy\" decoding=\"async\" width=\"1024\" height=\"684\" src=\"http:\/\/fdp-perl.info\/wp-content\/uploads\/2024\/05\/Michael-1024x684.png\" alt=\"\" class=\"wp-image-180\" srcset=\"https:\/\/fdp-perl.info\/wp-content\/uploads\/2024\/05\/Michael-1024x684.png 1024w, https:\/\/fdp-perl.info\/wp-content\/uploads\/2024\/05\/Michael-300x200.png 300w, https:\/\/fdp-perl.info\/wp-content\/uploads\/2024\/05\/Michael-2000x1336.png 2000w, https:\/\/fdp-perl.info\/wp-content\/uploads\/2024\/05\/Michael-600x400.png 600w, https:\/\/fdp-perl.info\/wp-content\/uploads\/2024\/05\/Michael-1200x800.png 1200w\" sizes=\"(max-width: 1024px) 100vw, 1024px\" \/><\/figure>\n<\/div>\n\n\n\n<div class=\"wp-block-column is-layout-flow wp-block-column-is-layout-flow\" style=\"flex-basis:66.66%\">\n<p><strong>Michael Brestak<\/strong>, <strong>55<\/strong>, Angestellter.&nbsp;<\/p>\n\n\n\n<p>Perl ist nicht mein Geburtsort, aber es ist meine Heimat geworden. Als in \u00d6sterreich Geborener bin ich ein \u00fcberzeugter Demokrat und Europ\u00e4er. Mein Credo lautet, dass Demokratie nicht automatisch vererbt wird, sondern st\u00e4ndig neu erarbeitet werden muss. Ich lege gro\u00dfen Wert darauf, klare Positionen zu beziehen und meine Werte und \u00dcberzeugungen leidenschaftlich zu verteidigen. F\u00fcr eine lebendige Gemeinde sind aktive B\u00fcrger, transparente Kommunikation und ein lebenswertes Umfeld unerl\u00e4sslich. Es ist wichtig, Menschen jeden Alters zur Beteiligung zu ermutigen, insbesondere die Jugend und die Vereine verdienen eine umfassende F\u00f6rderung. Die Herausforderungen der n\u00e4chsten Jahre werden ganz andere sein, als die der vergangenen Jahre. Stillstand bedeutet R\u00fcckschritt.<\/p>\n<\/div>\n<\/div>\n\n\n\n<div class=\"wp-block-columns is-layout-flex wp-container-core-columns-is-layout-2 wp-block-columns-is-layout-flex\">\n<div class=\"wp-block-column is-layout-flow wp-block-column-is-layout-flow\" style=\"flex-basis:33.33%\">\n<figure class=\"wp-block-image\"><img decoding=\"async\" src=\"http:\/\/fdp-perl.info\/wp-content\/uploads\/2024\/05\/Sven-1024x684.png\" alt=\"Dieses Bild hat ein leeres Alt-Attribut. Der Dateiname ist Sven-1024x684.png\"\/><\/figure>\n<\/div>\n\n\n\n<div class=\"wp-block-column is-layout-flow wp-block-column-is-layout-flow\" style=\"flex-basis:66.66%\">\n<p><\/p>\n\n\n\n<p><strong>Sven H. Kehrein-Seckler, 42<\/strong>, Unternehmer<\/p>\n\n\n\n<p>Als selbstst\u00e4ndiger Unternehmer m\u00f6chte ich meine unternehmerische Erfahrung und mein Innovationsdenken aktiv einbringen. <br>Meine pers\u00f6nlichen Ziele sind es, mich f\u00fcr bezahlbaren Wohnraum und f\u00fcr die Erstellung eines Gesamtkonzeptes f\u00fcr ein attraktives Leben in Perl einzusetzen.<br>Als leidenschaftlicher Musiker ist es mir au\u00dferdem ein gro\u00dfes Anliegen, das Kultur- und Vereinsleben in Perl zu st\u00e4rken und auszubauen.<\/p>\n<\/div>\n<\/div>\n\n\n\n<div class=\"wp-block-columns is-layout-flex wp-container-core-columns-is-layout-3 wp-block-columns-is-layout-flex\">\n<div class=\"wp-block-column is-layout-flow wp-block-column-is-layout-flow\" style=\"flex-basis:33.33%\">\n<figure class=\"wp-block-image size-large\"><img loading=\"lazy\" decoding=\"async\" width=\"1024\" height=\"684\" src=\"http:\/\/fdp-perl.info\/wp-content\/uploads\/2024\/05\/Markus-1024x684.png\" alt=\"\" class=\"wp-image-182\" srcset=\"https:\/\/fdp-perl.info\/wp-content\/uploads\/2024\/05\/Markus-1024x684.png 1024w, https:\/\/fdp-perl.info\/wp-content\/uploads\/2024\/05\/Markus-300x200.png 300w, https:\/\/fdp-perl.info\/wp-content\/uploads\/2024\/05\/Markus-2000x1336.png 2000w, https:\/\/fdp-perl.info\/wp-content\/uploads\/2024\/05\/Markus-600x400.png 600w, https:\/\/fdp-perl.info\/wp-content\/uploads\/2024\/05\/Markus-1200x800.png 1200w\" sizes=\"(max-width: 1024px) 100vw, 1024px\" \/><\/figure>\n<\/div>\n\n\n\n<div class=\"wp-block-column is-layout-flow wp-block-column-is-layout-flow\" style=\"flex-basis:66.66%\">\n<p><strong>Markus Hartmann,<\/strong> <strong>53,<\/strong> \u00d6nologe<\/p>\n\n\n\n<p><\/p>\n\n\n\n<p>Als leidenschaftlicher Winzer aus Perl bringe ich mein tiefes Verst\u00e4ndnis f\u00fcr die Landwirtschaft ein. Es ist mir ein Bed\u00fcrfnis die Natur zu erhalten und aktiven Schutz zu betreiben.<br>Die F\u00f6rderung und die Erhaltung des l\u00e4ndlichen Raumes mit seinen H\u00f6fen und Betrieben muss erhalten bleiben.<\/p>\n<\/div>\n<\/div>\n\n\n\n<div class=\"wp-block-columns is-layout-flex wp-container-core-columns-is-layout-4 wp-block-columns-is-layout-flex\">\n<div class=\"wp-block-column is-layout-flow wp-block-column-is-layout-flow\" style=\"flex-basis:33.33%\">\n<figure class=\"wp-block-image size-large\"><img loading=\"lazy\" decoding=\"async\" width=\"1024\" height=\"684\" src=\"http:\/\/fdp-perl.info\/wp-content\/uploads\/2024\/05\/DSC07838-1024x684.png\" alt=\"\" class=\"wp-image-183\" srcset=\"https:\/\/fdp-perl.info\/wp-content\/uploads\/2024\/05\/DSC07838-1024x684.png 1024w, https:\/\/fdp-perl.info\/wp-content\/uploads\/2024\/05\/DSC07838-300x200.png 300w, https:\/\/fdp-perl.info\/wp-content\/uploads\/2024\/05\/DSC07838-2000x1336.png 2000w\" sizes=\"(max-width: 1024px) 100vw, 1024px\" \/><\/figure>\n<\/div>\n\n\n\n<div class=\"wp-block-column is-layout-flow wp-block-column-is-layout-flow\" style=\"flex-basis:66.66%\">\n<p><strong>Christian Sonnen,<\/strong> <strong>35,<\/strong> Winzer<\/p>\n\n\n\n<p>Meine tiefe Verwurzelung in der Natur und mein Fachwissen pr\u00e4gen mein Engagement, welches ich f\u00fcr das Wohl der Gemeinde einsetzen will. Als Winzer verstehe ich die Bedeutung einer nachhaltigen Landnutzung und setze mich f\u00fcr Umweltschutz und den Erhalt nat\u00fcrlicher Ressourcen ein. Mein Ziel ist es, eine ausgewogene Politik zu f\u00f6rdern, die die Interessen der Landwirtschaft und des Naturschutzes gleicherma\u00dfen ber\u00fccksichtigt. Mit meinem Fachwissen \u00fcber Weinbau und \u00f6kologische Zusammenh\u00e4nge strebe ich danach, innovative L\u00f6sungen f\u00fcr lokale Herausforderungen zu finden und die Gemeindeentwicklung im Einklang mit der Natur voranzutreiben.<\/p>\n<\/div>\n<\/div>\n\n\n\n<div class=\"wp-block-columns is-layout-flex wp-container-core-columns-is-layout-5 wp-block-columns-is-layout-flex\">\n<div class=\"wp-block-column is-layout-flow wp-block-column-is-layout-flow\" style=\"flex-basis:33.33%\">\n<figure class=\"wp-block-image size-large\"><img loading=\"lazy\" decoding=\"async\" width=\"1024\" height=\"684\" src=\"http:\/\/fdp-perl.info\/wp-content\/uploads\/2024\/05\/Joel-1024x684.png\" alt=\"\" class=\"wp-image-185\" srcset=\"https:\/\/fdp-perl.info\/wp-content\/uploads\/2024\/05\/Joel-1024x684.png 1024w, https:\/\/fdp-perl.info\/wp-content\/uploads\/2024\/05\/Joel-300x200.png 300w, https:\/\/fdp-perl.info\/wp-content\/uploads\/2024\/05\/Joel-2000x1336.png 2000w, https:\/\/fdp-perl.info\/wp-content\/uploads\/2024\/05\/Joel-600x400.png 600w, https:\/\/fdp-perl.info\/wp-content\/uploads\/2024\/05\/Joel-1200x800.png 1200w\" sizes=\"(max-width: 1024px) 100vw, 1024px\" \/><\/figure>\n<\/div>\n\n\n\n<div class=\"wp-block-column is-layout-flow wp-block-column-is-layout-flow\" style=\"flex-basis:66.66%\">\n<p><strong>Joel Bladt<\/strong>, <strong>32,<\/strong>&nbsp;Unternehmer<\/p>\n\n\n\n<p>Als Unternehmer aus Perl strebe ich danach, mich aktiv in die Gemeinde einzubringen, indem ich meine Ideen einbringe und meine Kompetenzen nutze, um die Entwicklung der Gemeinde voranzutreiben. Mein Ziel ist es, durch einen konsensorientierten Dialog das Gemeinschaftsgef\u00fchl in der Gemeinde zu st\u00e4rken. Mit meinem Engagement strebe ich eine lebenswerte Gemeinschaft und positive Ver\u00e4nderungen an.<\/p>\n<\/div>\n<\/div>\n","protected":false},"excerpt":{"rendered":"<p>Warum B\u00fcrgermeister?\u2026 Michael Brestak Leidenschaft:F\u00fcr das Wohl in der Gemeinde, mit Engagement das Leben aller Bewohner lebenswerter zu gestalten und zu erhalten. Ideen &amp; Vision:Der Zusammenhalt muss gest\u00e4rkt werden. Nachhaltigkeit von Entscheidungen sind Schl\u00fcssel f\u00fcr gute Entscheidungen. B\u00fcrgergeld verprassende Projekte ohne Nachhaltigkeit m\u00fcssen gestoppt werden. Lokaler Unternehmen gef\u00f6rdert zur Finanzierung, Teilhabe &amp; Unterst\u00fctzung einer Gemeinde. &hellip; <\/p>\n<p class=\"link-more\"><a href=\"https:\/\/fdp-perl.info\/?page_id=24\" class=\"more-link\">Mehr <span class=\"screen-reader-text\">\u00fcber &#8222;\u00dcber uns&#8220; <\/span>Lesen<\/a><\/p>\n","protected":false},"author":1,"featured_media":0,"parent":0,"menu_order":0,"comment_status":"closed","ping_status":"closed","template":"","meta":{"footnotes":""},"featured_media_urls":[],"_links":{"self":[{"href":"https:\/\/fdp-perl.info\/index.php?rest_route=\/wp\/v2\/pages\/24"}],"collection":[{"href":"https:\/\/fdp-perl.info\/index.php?rest_route=\/wp\/v2\/pages"}],"about":[{"href":"https:\/\/fdp-perl.info\/index.php?rest_route=\/wp\/v2\/types\/page"}],"author":[{"embeddable":true,"href":"https:\/\/fdp-perl.info\/index.php?rest_route=\/wp\/v2\/users\/1"}],"replies":[{"embeddable":true,"href":"https:\/\/fdp-perl.info\/index.php?rest_route=%2Fwp%2Fv2%2Fcomments&post=24"}],"version-history":[{"count":9,"href":"https:\/\/fdp-perl.info\/index.php?rest_route=\/wp\/v2\/pages\/24\/revisions"}],"predecessor-version":[{"id":206,"href":"https:\/\/fdp-perl.info\/index.php?rest_route=\/wp\/v2\/pages\/24\/revisions\/206"}],"wp:attachment":[{"href":"https:\/\/fdp-perl.info\/index.php?rest_route=%2Fwp%2Fv2%2Fmedia&parent=24"}],"curies":[{"name":"wp","href":"https:\/\/api.w.org\/{rel}","templated":true}]}}